{"id":68,"date":"2022-07-31T19:14:00","date_gmt":"2022-07-31T16:14:00","guid":{"rendered":"https:\/\/animatsuri.baka.ee\/t2022\/?page_id=68"},"modified":"2022-09-25T21:34:41","modified_gmt":"2022-09-25T18:34:41","slug":"home","status":"publish","type":"page","link":"https:\/\/animatsuri.baka.ee\/2022\/","title":{"rendered":"Esileht"},"content":{"rendered":"\n<figure class=\"wp-block-image alignfull size-full\"><img loading=\"lazy\" decoding=\"async\" width=\"1900\" height=\"500\" src=\"https:\/\/animatsuri.baka.ee\/2022\/wp-content\/uploads\/2022\/09\/koduleheheader.png\" alt=\"\" class=\"wp-image-669\" srcset=\"https:\/\/animatsuri.baka.ee\/2022\/wp-content\/uploads\/2022\/09\/koduleheheader.png 1900w, https:\/\/animatsuri.baka.ee\/2022\/wp-content\/uploads\/2022\/09\/koduleheheader-300x79.png 300w, https:\/\/animatsuri.baka.ee\/2022\/wp-content\/uploads\/2022\/09\/koduleheheader-1024x269.png 1024w, https:\/\/animatsuri.baka.ee\/2022\/wp-content\/uploads\/2022\/09\/koduleheheader-768x202.png 768w, https:\/\/animatsuri.baka.ee\/2022\/wp-content\/uploads\/2022\/09\/koduleheheader-1536x404.png 1536w, https:\/\/animatsuri.baka.ee\/2022\/wp-content\/uploads\/2022\/09\/koduleheheader-800x211.png 800w\" sizes=\"auto, (max-width: 1900px) 100vw, 1900px\" \/><\/figure>\n\n\n\n\n\n<div class=\"wp-block-group alignwide\"><div class=\"wp-block-group__inner-container is-layout-flow wp-block-group-is-layout-flow\"><ul class=\"wp-block-latest-posts__list is-grid columns-3 alignwide custom-home-page wp-block-latest-posts\"><li><div class=\"wp-block-latest-posts__featured-image aligncenter\"><img loading=\"lazy\" decoding=\"async\" width=\"300\" height=\"79\" src=\"https:\/\/animatsuri.baka.ee\/2022\/wp-content\/uploads\/2022\/10\/pildid-300x79.png\" class=\"attachment-medium size-medium wp-post-image\" alt=\"\" style=\"\" srcset=\"https:\/\/animatsuri.baka.ee\/2022\/wp-content\/uploads\/2022\/10\/pildid-300x79.png 300w, https:\/\/animatsuri.baka.ee\/2022\/wp-content\/uploads\/2022\/10\/pildid-1024x270.png 1024w, https:\/\/animatsuri.baka.ee\/2022\/wp-content\/uploads\/2022\/10\/pildid-768x202.png 768w, https:\/\/animatsuri.baka.ee\/2022\/wp-content\/uploads\/2022\/10\/pildid-800x211.png 800w, https:\/\/animatsuri.baka.ee\/2022\/wp-content\/uploads\/2022\/10\/pildid.png 1500w\" sizes=\"auto, (max-width: 300px) 100vw, 300px\" \/><\/div><a class=\"wp-block-latest-posts__post-title\" href=\"https:\/\/animatsuri.baka.ee\/2022\/?p=910\">AniMatsuri 2022 fotod!<\/a><div class=\"wp-block-latest-posts__post-excerpt\">Kas olid ise festivalil v\u00f5i tahad lihtsalt vaadata, kes kohale tuli ja mis toimus, on AniMatsuri 2022 fotod n\u00fc\u00fcd vaatamiseks \u00fcleval! K\u00f5ik selle aasta fotod, aga ka meie varasemate tegevuste albumid on \u00fcleval meie Flickris.<\/div><\/li>\n<li><div class=\"wp-block-latest-posts__featured-image aligncenter\"><img loading=\"lazy\" decoding=\"async\" width=\"300\" height=\"79\" src=\"https:\/\/animatsuri.baka.ee\/2022\/wp-content\/uploads\/2022\/10\/pildid-300x79.png\" class=\"attachment-medium size-medium wp-post-image\" alt=\"\" style=\"\" srcset=\"https:\/\/animatsuri.baka.ee\/2022\/wp-content\/uploads\/2022\/10\/pildid-300x79.png 300w, https:\/\/animatsuri.baka.ee\/2022\/wp-content\/uploads\/2022\/10\/pildid-1024x270.png 1024w, https:\/\/animatsuri.baka.ee\/2022\/wp-content\/uploads\/2022\/10\/pildid-768x202.png 768w, https:\/\/animatsuri.baka.ee\/2022\/wp-content\/uploads\/2022\/10\/pildid-800x211.png 800w, https:\/\/animatsuri.baka.ee\/2022\/wp-content\/uploads\/2022\/10\/pildid.png 1500w\" sizes=\"auto, (max-width: 300px) 100vw, 300px\" \/><\/div><a class=\"wp-block-latest-posts__post-title\" href=\"https:\/\/animatsuri.baka.ee\/2022\/?p=912&#038;lang=en\">AniMatsuri 2022 photos!<\/a><div class=\"wp-block-latest-posts__post-excerpt\">Whether you were at the festival or just want to see who was there and what was happening, the photos of the festival are now up for your viewing pleasure! You can find all this year&#8217;s photos as well as albums of our previous events on our Flickr.<\/div><\/li>\n<li><div class=\"wp-block-latest-posts__featured-image aligncenter\"><img loading=\"lazy\" decoding=\"async\" width=\"300\" height=\"79\" src=\"https:\/\/animatsuri.baka.ee\/2022\/wp-content\/uploads\/2022\/10\/voitjad-300x79.png\" class=\"attachment-medium size-medium wp-post-image\" alt=\"\" style=\"\" srcset=\"https:\/\/animatsuri.baka.ee\/2022\/wp-content\/uploads\/2022\/10\/voitjad-300x79.png 300w, https:\/\/animatsuri.baka.ee\/2022\/wp-content\/uploads\/2022\/10\/voitjad-1024x270.png 1024w, https:\/\/animatsuri.baka.ee\/2022\/wp-content\/uploads\/2022\/10\/voitjad-768x202.png 768w, https:\/\/animatsuri.baka.ee\/2022\/wp-content\/uploads\/2022\/10\/voitjad-800x211.png 800w, https:\/\/animatsuri.baka.ee\/2022\/wp-content\/uploads\/2022\/10\/voitjad.png 1500w\" sizes=\"auto, (max-width: 300px) 100vw, 300px\" \/><\/div><a class=\"wp-block-latest-posts__post-title\" href=\"https:\/\/animatsuri.baka.ee\/2022\/?p=867\">AniMatsuri 2022 v\u00f5itjad!<\/a><div class=\"wp-block-latest-posts__post-excerpt\">J\u00e4rjekordne AniMatsuri on l\u00f5ppenud. Suur ait\u00e4h teile, et tulite kohale, v\u00f5tsite tegevustest osa ja panite selga \u00e4gedad kost\u00fc\u00fcmid! Autasustasime parimaid cosplays ja kunstis ning k\u00f5ige targemaid viktoriinis, v\u00f5itjad on teie ees! Cosplayereid pildistas Kirill Dogadajev. COSPLAY AniMatsuri reisiauhind Saksamaale s\u00f5idab: Kauks God (Arno Victor Dorian, &#8220;Assassin&#8217;s Creed Unity&#8221;) Reisiauhinna runner-up: Lauriel Tarion (Serana, &#8220;The Elder\u2026 <a class=\"wp-block-latest-posts__read-more\" href=\"https:\/\/animatsuri.baka.ee\/2022\/?p=867\" rel=\"noopener noreferrer\">Read more<span class=\"screen-reader-text\">: AniMatsuri 2022 v\u00f5itjad!<\/span><\/a><\/div><\/li>\n<li><div class=\"wp-block-latest-posts__featured-image aligncenter\"><img loading=\"lazy\" decoding=\"async\" width=\"300\" height=\"79\" src=\"https:\/\/animatsuri.baka.ee\/2022\/wp-content\/uploads\/2022\/10\/voitjad-300x79.png\" class=\"attachment-medium size-medium wp-post-image\" alt=\"\" style=\"\" srcset=\"https:\/\/animatsuri.baka.ee\/2022\/wp-content\/uploads\/2022\/10\/voitjad-300x79.png 300w, https:\/\/animatsuri.baka.ee\/2022\/wp-content\/uploads\/2022\/10\/voitjad-1024x270.png 1024w, https:\/\/animatsuri.baka.ee\/2022\/wp-content\/uploads\/2022\/10\/voitjad-768x202.png 768w, https:\/\/animatsuri.baka.ee\/2022\/wp-content\/uploads\/2022\/10\/voitjad-800x211.png 800w, https:\/\/animatsuri.baka.ee\/2022\/wp-content\/uploads\/2022\/10\/voitjad.png 1500w\" sizes=\"auto, (max-width: 300px) 100vw, 300px\" \/><\/div><a class=\"wp-block-latest-posts__post-title\" href=\"https:\/\/animatsuri.baka.ee\/2022\/?p=869&#038;lang=en\">AniMatsuri 2022 winners!<\/a><div class=\"wp-block-latest-posts__post-excerpt\">Another AniMatsuri has ended. Thank you for coming, participating in our activities, listening to presentations, and dressing up in costumes! We gave out awards for the best in cosplay and art and the smartest in the quiz, here\u2019s the list of winners! Cosplayers were photographed by Kirill Dogadajev. COSPLAY AniMatsuri Travel Prize Going to Germany:\u2026 <a class=\"wp-block-latest-posts__read-more\" href=\"https:\/\/animatsuri.baka.ee\/2022\/?p=869&#038;lang=en\" rel=\"noopener noreferrer\">Read more<span class=\"screen-reader-text\">: AniMatsuri 2022 winners!<\/span><\/a><\/div><\/li>\n<li><div class=\"wp-block-latest-posts__featured-image aligncenter\"><img loading=\"lazy\" decoding=\"async\" width=\"300\" height=\"79\" src=\"https:\/\/animatsuri.baka.ee\/2022\/wp-content\/uploads\/2022\/09\/IMG_041-300x79.png\" class=\"attachment-medium size-medium wp-post-image\" alt=\"\" style=\"\" srcset=\"https:\/\/animatsuri.baka.ee\/2022\/wp-content\/uploads\/2022\/09\/IMG_041-300x79.png 300w, https:\/\/animatsuri.baka.ee\/2022\/wp-content\/uploads\/2022\/09\/IMG_041-1024x269.png 1024w, https:\/\/animatsuri.baka.ee\/2022\/wp-content\/uploads\/2022\/09\/IMG_041-768x202.png 768w, https:\/\/animatsuri.baka.ee\/2022\/wp-content\/uploads\/2022\/09\/IMG_041-1536x404.png 1536w, https:\/\/animatsuri.baka.ee\/2022\/wp-content\/uploads\/2022\/09\/IMG_041-800x211.png 800w, https:\/\/animatsuri.baka.ee\/2022\/wp-content\/uploads\/2022\/09\/IMG_041.png 1900w\" sizes=\"auto, (max-width: 300px) 100vw, 300px\" \/><\/div><a class=\"wp-block-latest-posts__post-title\" href=\"https:\/\/animatsuri.baka.ee\/2022\/?p=865&#038;lang=en\">Waiting for feedback!<\/a><div class=\"wp-block-latest-posts__post-excerpt\">Thank you so much for an amazing festival! It was wonderful to see so many visitors after the forced hiatus. Big thanks to everyone, including but not limited to our partners, sponsors, and supporters, presentation and workshop hosts, activity managers, vendors and artists, our awesome judges, cosplayers, and YOU! In the coming days we will\u2026 <a class=\"wp-block-latest-posts__read-more\" href=\"https:\/\/animatsuri.baka.ee\/2022\/?p=865&#038;lang=en\" rel=\"noopener noreferrer\">Read more<span class=\"screen-reader-text\">: Waiting for feedback!<\/span><\/a><\/div><\/li>\n<li><div class=\"wp-block-latest-posts__featured-image aligncenter\"><img loading=\"lazy\" decoding=\"async\" width=\"300\" height=\"79\" src=\"https:\/\/animatsuri.baka.ee\/2022\/wp-content\/uploads\/2022\/09\/IMG_041-300x79.png\" class=\"attachment-medium size-medium wp-post-image\" alt=\"\" style=\"\" srcset=\"https:\/\/animatsuri.baka.ee\/2022\/wp-content\/uploads\/2022\/09\/IMG_041-300x79.png 300w, https:\/\/animatsuri.baka.ee\/2022\/wp-content\/uploads\/2022\/09\/IMG_041-1024x269.png 1024w, https:\/\/animatsuri.baka.ee\/2022\/wp-content\/uploads\/2022\/09\/IMG_041-768x202.png 768w, https:\/\/animatsuri.baka.ee\/2022\/wp-content\/uploads\/2022\/09\/IMG_041-1536x404.png 1536w, https:\/\/animatsuri.baka.ee\/2022\/wp-content\/uploads\/2022\/09\/IMG_041-800x211.png 800w, https:\/\/animatsuri.baka.ee\/2022\/wp-content\/uploads\/2022\/09\/IMG_041.png 1900w\" sizes=\"auto, (max-width: 300px) 100vw, 300px\" \/><\/div><a class=\"wp-block-latest-posts__post-title\" href=\"https:\/\/animatsuri.baka.ee\/2022\/?p=862\">Ootame tagasisidet!<\/a><div class=\"wp-block-latest-posts__post-excerpt\">Suur-suur ait\u00e4h v\u00f5rratu festivali eest! Imeline oli n\u00e4ha nii palju k\u00fclastajaid p\u00e4rast seda sunnitud pausi. Suur ait\u00e4h k\u00f5igile: meie partneritele, sponsoritele ja toetajatele, ettekannete ja t\u00f6\u00f6tubade l\u00e4biviijatele, tegevuste l\u00e4biviijatele, m\u00fc\u00fcjatele ja kunstnikele, meie \u00e4gedatele kohtunikele, cosplayeritele ja SULLE! J\u00e4rgnevatel p\u00e4evadel postitame ja jagame festivalil toimunut, nt v\u00f5itjate \u00fclevaate, fotogaleriisid ja rohkemgi. Vahepalaks on meil sulle\u2026 <a class=\"wp-block-latest-posts__read-more\" href=\"https:\/\/animatsuri.baka.ee\/2022\/?p=862\" rel=\"noopener noreferrer\">Read more<span class=\"screen-reader-text\">: Ootame tagasisidet!<\/span><\/a><\/div><\/li>\n<\/ul><\/div><\/div>\n","protected":false},"excerpt":{"rendered":"","protected":false},"author":1,"featured_media":0,"parent":0,"menu_order":0,"comment_status":"closed","ping_status":"closed","template":"page-templates\/full-width.php","meta":{"footnotes":""},"class_list":["post-68","page","type-page","status-publish","hentry"],"_links":{"self":[{"href":"https:\/\/animatsuri.baka.ee\/2022\/index.php?rest_route=\/wp\/v2\/pages\/68","targetHints":{"allow":["GET"]}}],"collection":[{"href":"https:\/\/animatsuri.baka.ee\/2022\/index.php?rest_route=\/wp\/v2\/pages"}],"about":[{"href":"https:\/\/animatsuri.baka.ee\/2022\/index.php?rest_route=\/wp\/v2\/types\/page"}],"author":[{"embeddable":true,"href":"https:\/\/animatsuri.baka.ee\/2022\/index.php?rest_route=\/wp\/v2\/users\/1"}],"replies":[{"embeddable":true,"href":"https:\/\/animatsuri.baka.ee\/2022\/index.php?rest_route=%2Fwp%2Fv2%2Fcomments&post=68"}],"version-history":[{"count":34,"href":"https:\/\/animatsuri.baka.ee\/2022\/index.php?rest_route=\/wp\/v2\/pages\/68\/revisions"}],"predecessor-version":[{"id":885,"href":"https:\/\/animatsuri.baka.ee\/2022\/index.php?rest_route=\/wp\/v2\/pages\/68\/revisions\/885"}],"wp:attachment":[{"href":"https:\/\/animatsuri.baka.ee\/2022\/index.php?rest_route=%2Fwp%2Fv2%2Fmedia&parent=68"}],"curies":[{"name":"wp","href":"https:\/\/api.w.org\/{rel}","templated":true}]}}