{"id":273,"date":"2022-08-24T04:15:09","date_gmt":"2022-08-24T01:15:09","guid":{"rendered":"https:\/\/animatsuri.baka.ee\/t2022\/?page_id=273"},"modified":"2022-08-24T04:15:09","modified_gmt":"2022-08-24T01:15:09","slug":"oobimine","status":"publish","type":"page","link":"https:\/\/animatsuri.baka.ee\/2022\/?page_id=273","title":{"rendered":"\u00d6\u00f6bimine"},"content":{"rendered":"\n<p>Tuled kaugelt ega&nbsp;oma Tartus kohta \u00f6\u00f6bimiseks? Meil on r\u00f5\u00f5m teatada, et k\u00e4esoleval aastal pakume koost\u00f6\u00f6s kahe majutusasutusega teile soodsamat \u00f6\u00f6bimist Tartus! Lisaks meie pikaajalisele majutuspartnerile Looming Hostelile pakub soodsamat \u00f6\u00f6bimist ka Hektor Design Hostel.<\/p>\n\n\n\n<p><\/p>\n\n\n<div class=\"wp-block-image kesk\">\n<figure class=\"aligncenter is-resized\"><img loading=\"lazy\" decoding=\"async\" src=\"http:\/\/animatsuri.eu\/2019\/wp-content\/uploads\/2019\/05\/looming-1024x288.jpg\" alt=\"\" class=\"wp-image-262\" width=\"373\" height=\"105\"\/><\/figure>\n<\/div>\n\n\n<p>Ette broneerides ja kasutades m\u00e4rks\u00f5na \u201cLoomingulineAnimatsuri\u201d saavad festivali k\u00fclastajad endale toa v\u00f5i voodikoha hostelis 15% odavamalt. Looming Hostelis on hubane \u00f5hkkond, 2-8 inimese toad, toidu valmistamiseks k\u00f6\u00f6ginurk, pesemisv\u00f5imalus, katuseterrass, tasuta parkimine ja WiFi. Hostel asub 15-minutilise jalutusk\u00e4igu kaugusel kesklinnast aadressil Kastani 38.<\/p>\n\n\n\n<p>Broneerimiseks v\u00f5ta \u00fchendust Looming Hosteliga: <\/p>\n\n\n\n<p>Koduleht:&nbsp;<a href=\"http:\/\/loominghostel.ee\/\" target=\"_blank\" rel=\"noreferrer noopener\" aria-label=\" (opens in a new tab)\">loominghostel.ee<\/a><br>E-mail: info@loominghostel.ee<br>Telefon: +372 56 99 43 98<\/p>\n\n\n\n<hr class=\"wp-block-separator has-alpha-channel-opacity\"\/>\n\n\n\n<p><\/p>\n\n\n\n<p>Kui soovid \u00f6\u00f6bida mujal, siis on v\u00f5imalik tutvuda erinevate v\u00f5imalustega:<\/p>\n\n\n\n<ul class=\"wp-block-list\"><li><a href=\"https:\/\/visittartu.com\/et\/majutus\">Visittartu.com<\/a><\/li><li><a href=\"https:\/\/www.booking.com\/\">Booking.com<\/a><\/li><li><a href=\"https:\/\/www.airbnb.com\/\">Airbnb.com<\/a><\/li><li><a href=\"https:\/\/couchsurfing.com\/\">Couchsurfing.com<\/a><\/li><\/ul>\n","protected":false},"excerpt":{"rendered":"<p>Tuled kaugelt ega&nbsp;oma Tartus kohta \u00f6\u00f6bimiseks? Meil on r\u00f5\u00f5m teatada, et k\u00e4esoleval aastal pakume koost\u00f6\u00f6s kahe majutusasutusega teile soodsamat \u00f6\u00f6bimist Tartus! Lisaks meie pikaajalisele majutuspartnerile Looming Hostelile pakub soodsamat \u00f6\u00f6bimist ka Hektor Design Hostel. Ette broneerides ja kasutades m\u00e4rks\u00f5na \u201cLoomingulineAnimatsuri\u201d saavad festivali k\u00fclastajad endale toa v\u00f5i voodikoha hostelis 15% odavamalt. [&hellip;]<\/p>\n","protected":false},"author":1,"featured_media":275,"parent":104,"menu_order":0,"comment_status":"closed","ping_status":"closed","template":"","meta":{"footnotes":""},"class_list":["post-273","page","type-page","status-publish","has-post-thumbnail","hentry"],"_links":{"self":[{"href":"https:\/\/animatsuri.baka.ee\/2022\/index.php?rest_route=\/wp\/v2\/pages\/273","targetHints":{"allow":["GET"]}}],"collection":[{"href":"https:\/\/animatsuri.baka.ee\/2022\/index.php?rest_route=\/wp\/v2\/pages"}],"about":[{"href":"https:\/\/animatsuri.baka.ee\/2022\/index.php?rest_route=\/wp\/v2\/types\/page"}],"author":[{"embeddable":true,"href":"https:\/\/animatsuri.baka.ee\/2022\/index.php?rest_route=\/wp\/v2\/users\/1"}],"replies":[{"embeddable":true,"href":"https:\/\/animatsuri.baka.ee\/2022\/index.php?rest_route=%2Fwp%2Fv2%2Fcomments&post=273"}],"version-history":[{"count":2,"href":"https:\/\/animatsuri.baka.ee\/2022\/index.php?rest_route=\/wp\/v2\/pages\/273\/revisions"}],"predecessor-version":[{"id":276,"href":"https:\/\/animatsuri.baka.ee\/2022\/index.php?rest_route=\/wp\/v2\/pages\/273\/revisions\/276"}],"up":[{"embeddable":true,"href":"https:\/\/animatsuri.baka.ee\/2022\/index.php?rest_route=\/wp\/v2\/pages\/104"}],"wp:featuredmedia":[{"embeddable":true,"href":"https:\/\/animatsuri.baka.ee\/2022\/index.php?rest_route=\/wp\/v2\/media\/275"}],"wp:attachment":[{"href":"https:\/\/animatsuri.baka.ee\/2022\/index.php?rest_route=%2Fwp%2Fv2%2Fmedia&parent=273"}],"curies":[{"name":"wp","href":"https:\/\/api.w.org\/{rel}","templated":true}]}}