{"id":254,"date":"2022-08-22T00:29:28","date_gmt":"2022-08-21T21:29:28","guid":{"rendered":"https:\/\/animatsuri.baka.ee\/t2022\/?page_id=254"},"modified":"2022-09-17T11:58:14","modified_gmt":"2022-09-17T08:58:14","slug":"festivali-asukoht","status":"publish","type":"page","link":"https:\/\/animatsuri.baka.ee\/2022\/?page_id=254","title":{"rendered":"Festivali asukoht"},"content":{"rendered":"\n<p>AniMatsuri toimub k\u00e4esoleval aastal <a href=\"https:\/\/vspahotel.ee\/konverentsikeskus\/v-konverentsikeskus\/\">Vspa hotelli konverentsikeskuses<\/a>, mis asub <a href=\"https:\/\/www.kvartal.com.ee\/\">Kvartali kaubanduskeskuse<\/a> k\u00f5rval. Siit lehelt leiad k\u00f5ik vajaliku info meie asukoha kohta. \u00dchtlasi jagame ka kaarti neile, kes Tartut eriti ehk ei tunne ning vajaks infot selle kohta, mis olulised asjad kus asuvad.<\/p>\n\n\n<div class=\"wp-block-image\">\n<figure class=\"aligncenter size-large is-resized\"><img loading=\"lazy\" decoding=\"async\" src=\"https:\/\/animatsuri.baka.ee\/t2022\/wp-content\/uploads\/2022\/08\/PXL_20220817_150909746-1024x576.jpg\" alt=\"\" class=\"wp-image-255\" width=\"768\" height=\"432\" srcset=\"https:\/\/animatsuri.baka.ee\/2022\/wp-content\/uploads\/2022\/08\/PXL_20220817_150909746-1024x576.jpg 1024w, https:\/\/animatsuri.baka.ee\/2022\/wp-content\/uploads\/2022\/08\/PXL_20220817_150909746-300x169.jpg 300w, https:\/\/animatsuri.baka.ee\/2022\/wp-content\/uploads\/2022\/08\/PXL_20220817_150909746-768x432.jpg 768w, https:\/\/animatsuri.baka.ee\/2022\/wp-content\/uploads\/2022\/08\/PXL_20220817_150909746-1536x864.jpg 1536w, https:\/\/animatsuri.baka.ee\/2022\/wp-content\/uploads\/2022\/08\/PXL_20220817_150909746-2048x1152.jpg 2048w, https:\/\/animatsuri.baka.ee\/2022\/wp-content\/uploads\/2022\/08\/PXL_20220817_150909746-2000x1125.jpg 2000w, https:\/\/animatsuri.baka.ee\/2022\/wp-content\/uploads\/2022\/08\/PXL_20220817_150909746-800x450.jpg 800w\" sizes=\"auto, (max-width: 768px) 100vw, 768px\" \/><figcaption>Sissep\u00e4\u00e4s Vspa hotelli<\/figcaption><\/figure>\n<\/div>\n\n\n<p>Kvartali kaubanduskeskus (Riia 2), mille 2. korrusel asub Vspa konverentsikeskus, asub Tartu kesklinnas. Keskuses on lisaks poodidele mitmed toitlustuskohad ning \u00fcle tee asuva Tasku keskuse taga asub bussijaam. Maja ees on mitmed linnaliinide peatuskohad.<\/p>\n\n\n\n<p>Vspa hotelli sissep\u00e4\u00e4s asub teises kohas kui Kvartali keskuse peasissep\u00e4\u00e4s. See paikneb Aleksandri ja Soola nurgal. <\/p>\n\n\n\n<h3 class=\"wp-block-heading\">Linnakaart<\/h3>\n\n\n\n<p>Vajad autole parkimiskohta? Kus on minu \u00f6\u00f6bimiskoht? Kus on pangaautomaat? Neile ja mitmetele k\u00fcsimustele saame loodetavasti vastata allolevalt kaardilt.<\/p>\n\n\n\n<iframe loading=\"lazy\" src=\"https:\/\/www.google.com\/maps\/d\/u\/0\/embed?mid=1uiMl2r7qb5Im4YUX9FxfBV22ZAGo59E&amp;ehbc=2E312F\" width=\"640\" height=\"480\"><\/iframe>\n\n\n\n<p><\/p>\n\n\n\n<h3 class=\"wp-block-heading\">Transpordist<\/h3>\n\n\n\n<p><strong>Tartus liiklemine<\/strong><br><a rel=\"noreferrer noopener\" href=\"https:\/\/tartu.ee\/et\/parkimine-tartus\" target=\"_blank\">Parkimine<\/a><br><a rel=\"noreferrer noopener\" href=\"https:\/\/www.tartu.ee\/et\/linnaliinid\" target=\"_blank\">Tartu linnaliinibusside info<\/a><br><a rel=\"noreferrer noopener\" href=\"https:\/\/web.peatus.ee\/\" target=\"_blank\">Peatus.ee bussiliinide info<\/a><br>Tartu bussiaegade app &#8211; <a rel=\"noreferrer noopener\" href=\"https:\/\/play.google.com\/store\/apps\/details?id=com.mobisolutions.transit&amp;hl=en&amp;gl=US\" target=\"_blank\">Google Play store<\/a> ja <a rel=\"noreferrer noopener\" href=\"https:\/\/apps.apple.com\/ee\/app\/tartu-bussiajad\/id806135432\" target=\"_blank\">App Store<\/a><br><a href=\"https:\/\/tartu.ee\/et\/jalgrattaliiklus\" target=\"_blank\" rel=\"noreferrer noopener\">Jalgrattaga liiklemisest<\/a><br><a rel=\"noreferrer noopener\" href=\"https:\/\/ratas.tartu.ee\/\" target=\"_blank\">Tartu rattaringlus \/ Smart bike<\/a><br>Tartus on v\u00f5imalik rentida Bolti t\u00f5ukerattaid<br><a rel=\"noreferrer noopener\" href=\"https:\/\/www.elektritakso.ee\/\" target=\"_blank\">Elektritakso<\/a> \/ <a rel=\"noreferrer noopener\" href=\"https:\/\/www.taksod.ee\/\" target=\"_blank\">Takso \u00dcks<\/a> \/ <a rel=\"noreferrer noopener\" href=\"https:\/\/tartu.taksod.ee\/\" target=\"_blank\">Tartu taksod<\/a><br><br><strong>Tartusse saabumine ja lahkumine<\/strong><br><a rel=\"noreferrer noopener\" href=\"https:\/\/www.tpilet.ee\/\" target=\"_blank\">Tpilet &#8211; linnadevahelistele bussidele pileti ostmiseks<\/a><br><a rel=\"noreferrer noopener\" href=\"https:\/\/www.elron.ee\/soiduinfo\/soiduplaanid\" target=\"_blank\">Elron.ee &#8211; Rongide s\u00f5iduplaanid ja piletid<\/a><br><a rel=\"noreferrer noopener\" href=\"https:\/\/tartu.tallinn-airport.ee\/\" target=\"_blank\">Tartu lennujaam<\/a><br><br><\/p>\n\n\n\n<h3 class=\"wp-block-heading\">Majaplaan<\/h3>\n\n\n\n<p>Nagu \u00fclal mainitud, siis VSpa hotelli ja konverentsi sissep\u00e4\u00e4s asub Aleksandri ja Soola nurgal. Sisenedes j\u00f5uad hotelli vastuv\u00f5ttu. P\u00f6\u00f6ra vasakule ja seal on juba nii trepp kui ka liftid. Konverentsikeskusele saamiseks tuleb minna 2. korrusele. Sissep\u00e4\u00e4su juures saad oma pileti vahetada k\u00e4epaela vastu, mis v\u00f5imaldab vabalt festivalialat sisse ja v\u00e4lja liikuda. <\/p>\n\n\n\n<p>Sissep\u00e4\u00e4s kaubanduskeskusesse asub Riia t\u00e4nava poolel, ehk siis sinna minekuks tuleb majast v\u00e4ljuda. <\/p>\n\n\n\n<p>Kuidas festivalialal asjad paiknevad, n\u00e4ed allpool olevalt jooniselt. Oluline on t\u00e4hele panna, et Finland ruum on vabalt kasutatav ainult laup\u00e4eval. P\u00fchap\u00e4eval on esimesel poolel ruum kinni cosplay v\u00f5istluse eelhindamisteks. See t\u00e4hendab, et lauam\u00e4ngud ja DIY laudu p\u00fchap\u00e4eval ei ole. Fotosein ja mangalaud liigutatakse teise kohta. <\/p>\n\n\n<div class=\"wp-block-image\">\n<figure class=\"aligncenter size-large\"><img loading=\"lazy\" decoding=\"async\" width=\"1024\" height=\"813\" src=\"https:\/\/animatsuri.baka.ee\/2022\/wp-content\/uploads\/2022\/09\/asukohaplaan-EST-1024x813.png\" alt=\"\" class=\"wp-image-831\" srcset=\"https:\/\/animatsuri.baka.ee\/2022\/wp-content\/uploads\/2022\/09\/asukohaplaan-EST-1024x813.png 1024w, https:\/\/animatsuri.baka.ee\/2022\/wp-content\/uploads\/2022\/09\/asukohaplaan-EST-300x238.png 300w, https:\/\/animatsuri.baka.ee\/2022\/wp-content\/uploads\/2022\/09\/asukohaplaan-EST-768x610.png 768w, https:\/\/animatsuri.baka.ee\/2022\/wp-content\/uploads\/2022\/09\/asukohaplaan-EST-1536x1219.png 1536w, https:\/\/animatsuri.baka.ee\/2022\/wp-content\/uploads\/2022\/09\/asukohaplaan-EST-2048x1625.png 2048w, https:\/\/animatsuri.baka.ee\/2022\/wp-content\/uploads\/2022\/09\/asukohaplaan-EST-2000x1587.png 2000w, https:\/\/animatsuri.baka.ee\/2022\/wp-content\/uploads\/2022\/09\/asukohaplaan-EST-800x635.png 800w, https:\/\/animatsuri.baka.ee\/2022\/wp-content\/uploads\/2022\/09\/asukohaplaan-EST-90x70.png 90w\" sizes=\"auto, (max-width: 1024px) 100vw, 1024px\" \/><\/figure>\n<\/div>","protected":false},"excerpt":{"rendered":"<p>AniMatsuri toimub k\u00e4esoleval aastal Vspa hotelli konverentsikeskuses, mis asub Kvartali kaubanduskeskuse k\u00f5rval. Siit lehelt leiad k\u00f5ik vajaliku info meie asukoha kohta. \u00dchtlasi jagame ka kaarti neile, kes Tartut eriti ehk ei tunne ning vajaks infot selle kohta, mis olulised asjad kus asuvad. Kvartali kaubanduskeskus (Riia 2), mille 2. korrusel asub [&hellip;]<\/p>\n","protected":false},"author":1,"featured_media":0,"parent":104,"menu_order":0,"comment_status":"closed","ping_status":"closed","template":"page-templates\/full-width.php","meta":{"footnotes":""},"class_list":["post-254","page","type-page","status-publish","hentry"],"_links":{"self":[{"href":"https:\/\/animatsuri.baka.ee\/2022\/index.php?rest_route=\/wp\/v2\/pages\/254","targetHints":{"allow":["GET"]}}],"collection":[{"href":"https:\/\/animatsuri.baka.ee\/2022\/index.php?rest_route=\/wp\/v2\/pages"}],"about":[{"href":"https:\/\/animatsuri.baka.ee\/2022\/index.php?rest_route=\/wp\/v2\/types\/page"}],"author":[{"embeddable":true,"href":"https:\/\/animatsuri.baka.ee\/2022\/index.php?rest_route=\/wp\/v2\/users\/1"}],"replies":[{"embeddable":true,"href":"https:\/\/animatsuri.baka.ee\/2022\/index.php?rest_route=%2Fwp%2Fv2%2Fcomments&post=254"}],"version-history":[{"count":10,"href":"https:\/\/animatsuri.baka.ee\/2022\/index.php?rest_route=\/wp\/v2\/pages\/254\/revisions"}],"predecessor-version":[{"id":849,"href":"https:\/\/animatsuri.baka.ee\/2022\/index.php?rest_route=\/wp\/v2\/pages\/254\/revisions\/849"}],"up":[{"embeddable":true,"href":"https:\/\/animatsuri.baka.ee\/2022\/index.php?rest_route=\/wp\/v2\/pages\/104"}],"wp:attachment":[{"href":"https:\/\/animatsuri.baka.ee\/2022\/index.php?rest_route=%2Fwp%2Fv2%2Fmedia&parent=254"}],"curies":[{"name":"wp","href":"https:\/\/api.w.org\/{rel}","templated":true}]}}