{"id":100,"date":"2022-07-31T21:38:30","date_gmt":"2022-07-31T18:38:30","guid":{"rendered":"https:\/\/animatsuri.baka.ee\/t2022\/?page_id=100"},"modified":"2022-09-17T21:31:50","modified_gmt":"2022-09-17T18:31:50","slug":"piletid","status":"publish","type":"page","link":"https:\/\/animatsuri.baka.ee\/2022\/?page_id=100","title":{"rendered":"Piletid"},"content":{"rendered":"\n<p>Piletite eelm\u00fc\u00fck toimub&nbsp;<strong>16. septembrini<\/strong>&nbsp;<a href=\"https:\/\/fienta.com\/et\/animatsuri-44284\">Fientas<\/a>.<\/p>\n\n\n\n<ul class=\"wp-block-list\"><li>Tavahinnaga piletid \u00fcheks p\u00e4evaks\u00a0<strong>10\u20ac<\/strong>\u00a0ning kaheks p\u00e4evaks\u00a0<strong>15\u20ac<\/strong><\/li><li>Kohapeal on v\u00f5imalik piletid soetada hinnaga \u00fcks p\u00e4ev\u00a0<strong>15\u20ac<\/strong>\u00a0ning kaks p\u00e4eva\u00a0<strong>18\u20ac<\/strong><\/li><li>Kahep\u00e4evapilet koos p\u00e4\u00e4smega Momiji festivalile maksab <strong>24\u20ac <\/strong><em>(ainult eelm\u00fc\u00fcgis)<\/em><\/li><\/ul>\n\n\n\n<p>\u2013 S\u00fclelastele (kuni 2 aastat, k.a.) sissep\u00e4\u00e4s&nbsp;<strong>tasuta.<br><\/strong>\u2013 Alla 10-aastastel peab olema v\u00e4hemalt 15-aastane saatja.<\/p>\n\n\n\n<p>K\u00e4esoleval aastal toetajapileteid ei m\u00fc\u00fcda.<\/p>\n\n\n\n<hr class=\"wp-block-separator has-alpha-channel-opacity\"\/>\n\n\n\n<h4 class=\"wp-block-heading\">PILETIOSTJA MEELESPEA<\/h4>\n\n\n\n<ul class=\"wp-block-list\"><li>Pilet vahetatakse kohapeal k\u00e4epaela vastu.<ul><li>K\u00e4epaelu on kahte sorti:<ul><li><strong>1-p\u00e4eva piletiga<\/strong>&nbsp;saab k\u00fclastada kas laup\u00e4eval (17.09) v\u00f5i p\u00fchap\u00e4eval (18.09);<\/li><li><strong>2-p\u00e4eva piletiga<\/strong>&nbsp;on v\u00f5imalik k\u00fclastada \u00fcritust m\u00f5lemal p\u00e4eval (17. ja 18.09).<\/li><\/ul><\/li><li>K\u00e4epael t\u00e4hendab, et on v\u00f5imalik vabalt lahkuda festivali alalt ja sinna uuesti tagasi minna k\u00e4epaelast l\u00e4htuvatel kuup\u00e4evadel.<\/li><\/ul><\/li><li>Festivali meeskonnal v\u00f5i turvameeskonnal on \u00f5igus:<ul><li>keelduda teid laskmast festivali alale, kui on reaalne kahtlus, et tegu ei ole \u00f5ige pileti\/k\u00e4epaelaga;<\/li><li>teie k\u00e4epaela olemasolu igal hetkel kontrollida, kui viibite festivali alal;<\/li><li>saatma teid festivalialalt \u00e4ra, kui teil puudub k\u00e4epael v\u00f5i olemasoleva k\u00e4epaela puhul on kahtlus, et tegu ei ole \u00f5ige k\u00e4epaelaga.<\/li><\/ul><\/li><li><strong>Festivali k\u00fclastaja on kohustatud j\u00e4rgima&nbsp;<a href=\"https:\/\/animatsuri.baka.ee\/2022\/?page_id=205\">festivali kodukorda<\/a>!<\/strong><\/li><li><strong>K\u00e4epaela kadumisel v\u00f5i h\u00e4vimisel tuleb soetada \u00fcritusele sisse saamiseks uus pilet<\/strong>!<\/li><\/ul>\n","protected":false},"excerpt":{"rendered":"<p>Piletite eelm\u00fc\u00fck toimub&nbsp;16. septembrini&nbsp;Fientas. Tavahinnaga piletid \u00fcheks p\u00e4evaks\u00a010\u20ac\u00a0ning kaheks p\u00e4evaks\u00a015\u20ac Kohapeal on v\u00f5imalik piletid soetada hinnaga \u00fcks p\u00e4ev\u00a015\u20ac\u00a0ning kaks p\u00e4eva\u00a018\u20ac Kahep\u00e4evapilet koos p\u00e4\u00e4smega Momiji festivalile maksab 24\u20ac (ainult eelm\u00fc\u00fcgis) \u2013 S\u00fclelastele (kuni 2 aastat, k.a.) sissep\u00e4\u00e4s&nbsp;tasuta.\u2013 Alla 10-aastastel peab olema v\u00e4hemalt 15-aastane saatja. K\u00e4esoleval aastal toetajapileteid ei m\u00fc\u00fcda. PILETIOSTJA MEELESPEA [&hellip;]<\/p>\n","protected":false},"author":1,"featured_media":185,"parent":0,"menu_order":0,"comment_status":"closed","ping_status":"closed","template":"","meta":{"footnotes":""},"class_list":["post-100","page","type-page","status-publish","has-post-thumbnail","hentry"],"_links":{"self":[{"href":"https:\/\/animatsuri.baka.ee\/2022\/index.php?rest_route=\/wp\/v2\/pages\/100","targetHints":{"allow":["GET"]}}],"collection":[{"href":"https:\/\/animatsuri.baka.ee\/2022\/index.php?rest_route=\/wp\/v2\/pages"}],"about":[{"href":"https:\/\/animatsuri.baka.ee\/2022\/index.php?rest_route=\/wp\/v2\/types\/page"}],"author":[{"embeddable":true,"href":"https:\/\/animatsuri.baka.ee\/2022\/index.php?rest_route=\/wp\/v2\/users\/1"}],"replies":[{"embeddable":true,"href":"https:\/\/animatsuri.baka.ee\/2022\/index.php?rest_route=%2Fwp%2Fv2%2Fcomments&post=100"}],"version-history":[{"count":4,"href":"https:\/\/animatsuri.baka.ee\/2022\/index.php?rest_route=\/wp\/v2\/pages\/100\/revisions"}],"predecessor-version":[{"id":855,"href":"https:\/\/animatsuri.baka.ee\/2022\/index.php?rest_route=\/wp\/v2\/pages\/100\/revisions\/855"}],"wp:featuredmedia":[{"embeddable":true,"href":"https:\/\/animatsuri.baka.ee\/2022\/index.php?rest_route=\/wp\/v2\/media\/185"}],"wp:attachment":[{"href":"https:\/\/animatsuri.baka.ee\/2022\/index.php?rest_route=%2Fwp%2Fv2%2Fmedia&parent=100"}],"curies":[{"name":"wp","href":"https:\/\/api.w.org\/{rel}","templated":true}]}}