{"id":94,"date":"2019-04-07T15:54:49","date_gmt":"2019-04-07T13:54:49","guid":{"rendered":"http:\/\/animatsuri.eu\/2019\/?page_id=94"},"modified":"2019-07-09T00:18:35","modified_gmt":"2019-07-08T21:18:35","slug":"kontakt","status":"publish","type":"page","link":"https:\/\/animatsuri.baka.ee\/2019\/kontakt\/","title":{"rendered":"Kontakt"},"content":{"rendered":"\n<p><strong>MT\u00dc Jaapani kultuuriklubi&nbsp;Asashio<\/strong><br>asashio@anime.ee<\/p>\n\n\n\n<p>Festivali \u00fcldinfo: info@animatsuri.eu<\/p>\n\n\n\n<p>\u2014\u2014<\/p>\n\n\n\n<p><strong>AniMatsuri ja Jaapani kuu peakorraldaja<\/strong><br>Kaia Jallai<br>kaia@anime.ee \/ +372 5687 5916<br><em>(\u00dcldinfo ja meedia)<\/em><\/p>\n\n\n\n<p><strong>AniMatsuri programm<\/strong><br>Janar P\u00e4\u00e4sik<br>janar@animatsuri.eu<\/p>\n\n\n\n<p><strong>Jaapani kuu programm<\/strong><br>Merilin Kauksi<br>merilin@animatsuri.eu<\/p>\n\n\n\n<p><strong>ANIMATSURI KORRALDAJAD<\/strong><\/p>\n\n\n\n<p><strong>Piletim\u00fc\u00fck &amp; infolaud<\/strong><br>Seidi Andres<br>tickets@animatsuri.eu<\/p>\n\n\n\n<p><strong>M\u00fc\u00fcgiletid &amp; kunstnike allee<\/strong><br>Anett Lillemaa<br>anett@animatsuri.eu<\/p>\n\n\n\n<p><strong>Vabatahtlikud<\/strong><br>Madeleine Poogen<br>staff@animatsuri.eu<\/p>\n\n\n\n<p><strong>Cosplay<\/strong><br>Karen Tuul<br>cosplay@animatsuri.eu<\/p>\n\n\n\n<p><strong>AMV v\u00f5istlus<\/strong><br>Tanel Pipar<br>amv@animatsuri.eu<\/p>\n\n\n\n<p><strong>M\u00e4nguruum<\/strong><br>games@animatsuri.eu<\/p>\n\n\n\n<p><strong>Security Team<\/strong><br>Siim Neljandik<br>security@animatsuri.eu\n\n<\/p>\n","protected":false},"excerpt":{"rendered":"<p>MT\u00dc Jaapani kultuuriklubi&nbsp;Asashioasashio@anime.ee Festivali \u00fcldinfo: info@animatsuri.eu \u2014\u2014 AniMatsuri ja Jaapani kuu peakorraldajaKaia Jallaikaia@anime.ee \/ +372 5687 5916(\u00dcldinfo ja meedia) AniMatsuri programmJanar P\u00e4\u00e4sikjanar@animatsuri.eu Jaapani kuu programmMerilin Kauksimerilin@animatsuri.eu ANIMATSURI KORRALDAJAD Piletim\u00fc\u00fck &amp; infolaudSeidi Andrestickets@animatsuri.eu M\u00fc\u00fcgiletid &amp; kunstnike alleeAnett Lillemaaanett@animatsuri.eu VabatahtlikudMadeleine Poogenstaff@animatsuri.eu CosplayKaren Tuulcosplay@animatsuri.eu AMV v\u00f5istlusTanel Piparamv@animatsuri.eu M\u00e4nguruumgames@animatsuri.eu Security TeamSiim Neljandiksecurity@animatsuri.eu<\/p>\n","protected":false},"author":1,"featured_media":338,"parent":0,"menu_order":0,"comment_status":"closed","ping_status":"closed","template":"","meta":{"footnotes":""},"_links":{"self":[{"href":"https:\/\/animatsuri.baka.ee\/2019\/wp-json\/wp\/v2\/pages\/94"}],"collection":[{"href":"https:\/\/animatsuri.baka.ee\/2019\/wp-json\/wp\/v2\/pages"}],"about":[{"href":"https:\/\/animatsuri.baka.ee\/2019\/wp-json\/wp\/v2\/types\/page"}],"author":[{"embeddable":true,"href":"https:\/\/animatsuri.baka.ee\/2019\/wp-json\/wp\/v2\/users\/1"}],"replies":[{"embeddable":true,"href":"https:\/\/animatsuri.baka.ee\/2019\/wp-json\/wp\/v2\/comments?post=94"}],"version-history":[{"count":3,"href":"https:\/\/animatsuri.baka.ee\/2019\/wp-json\/wp\/v2\/pages\/94\/revisions"}],"predecessor-version":[{"id":904,"href":"https:\/\/animatsuri.baka.ee\/2019\/wp-json\/wp\/v2\/pages\/94\/revisions\/904"}],"wp:featuredmedia":[{"embeddable":true,"href":"https:\/\/animatsuri.baka.ee\/2019\/wp-json\/wp\/v2\/media\/338"}],"wp:attachment":[{"href":"https:\/\/animatsuri.baka.ee\/2019\/wp-json\/wp\/v2\/media?parent=94"}],"curies":[{"name":"wp","href":"https:\/\/api.w.org\/{rel}","templated":true}]}}