{"id":864,"date":"2019-07-07T23:05:03","date_gmt":"2019-07-07T20:05:03","guid":{"rendered":"http:\/\/animatsuri.eu\/2019\/?page_id=864"},"modified":"2019-09-27T16:15:11","modified_gmt":"2019-09-27T13:15:11","slug":"mangade-lugemislaud","status":"publish","type":"page","link":"https:\/\/animatsuri.baka.ee\/2019\/mangade-lugemislaud\/","title":{"rendered":"Mangade lugemislaud"},"content":{"rendered":"\n<p>Kas tunned vajadust natuke festivalimelust eemale minna ja nautida rahulikumat, samas huvitavat \u00f5hkkonda? Siis on mangalugemislaud just see \u00f5ige koht, kuhu minna. AniMatsuri meeskond ja Jaapani kultuuriklubi Asashio liikmed on k\u00fclastajatele andnud lugemiseks enda mangakogud ning p\u00f5nevad raamatud Jaapanist ja Aasiast. Seega kui tunned, et tahad vaikselt kuskil lugeda, siis sea sammud raamatuvalikuga laua poole.<\/p>\n\n\n\n<p>Raamatute lugemisel arvestage kindlasti sellega, et nendega tuleb k\u00e4ia \u00fcmber heaperemehelikult. Omanikud on andnud need teile lugemiseks heas usus, et keegi neid ei l\u00f5hu. Ehk, mangade lugemislauas on keelatud s\u00fc\u00fca ja juua ning keelatud on raamatute v\u00e4\u00e4namine. \u00dchtlasi kehtib seal ka vaikusen\u00f5ue, nagu \u00fchele raamatukogule v\u00f5i lugemissaalile kohane.<\/p>\n","protected":false},"excerpt":{"rendered":"<p>Kas tunned vajadust natuke festivalimelust eemale minna ja nautida rahulikumat, samas huvitavat \u00f5hkkonda? Siis on mangalugemislaud just see \u00f5ige koht, kuhu minna. AniMatsuri meeskond ja Jaapani kultuuriklubi Asashio liikmed on k\u00fclastajatele andnud lugemiseks enda mangakogud ning p\u00f5nevad raamatud Jaapanist ja Aasiast. Seega kui tunned, et tahad vaikselt kuskil lugeda, siis [&hellip;]<\/p>\n","protected":false},"author":2,"featured_media":865,"parent":0,"menu_order":0,"comment_status":"closed","ping_status":"closed","template":"page-templates\/full-width.php","meta":{"footnotes":""},"_links":{"self":[{"href":"https:\/\/animatsuri.baka.ee\/2019\/wp-json\/wp\/v2\/pages\/864"}],"collection":[{"href":"https:\/\/animatsuri.baka.ee\/2019\/wp-json\/wp\/v2\/pages"}],"about":[{"href":"https:\/\/animatsuri.baka.ee\/2019\/wp-json\/wp\/v2\/types\/page"}],"author":[{"embeddable":true,"href":"https:\/\/animatsuri.baka.ee\/2019\/wp-json\/wp\/v2\/users\/2"}],"replies":[{"embeddable":true,"href":"https:\/\/animatsuri.baka.ee\/2019\/wp-json\/wp\/v2\/comments?post=864"}],"version-history":[{"count":2,"href":"https:\/\/animatsuri.baka.ee\/2019\/wp-json\/wp\/v2\/pages\/864\/revisions"}],"predecessor-version":[{"id":1485,"href":"https:\/\/animatsuri.baka.ee\/2019\/wp-json\/wp\/v2\/pages\/864\/revisions\/1485"}],"wp:featuredmedia":[{"embeddable":true,"href":"https:\/\/animatsuri.baka.ee\/2019\/wp-json\/wp\/v2\/media\/865"}],"wp:attachment":[{"href":"https:\/\/animatsuri.baka.ee\/2019\/wp-json\/wp\/v2\/media?parent=864"}],"curies":[{"name":"wp","href":"https:\/\/api.w.org\/{rel}","templated":true}]}}