{"id":550,"date":"2019-05-04T22:59:00","date_gmt":"2019-05-04T19:59:00","guid":{"rendered":"http:\/\/animatsuri.eu\/2019\/?page_id=550"},"modified":"2019-08-14T20:29:48","modified_gmt":"2019-08-14T17:29:48","slug":"animatsuri-reisiauhinna-reeglid","status":"publish","type":"page","link":"https:\/\/animatsuri.baka.ee\/2019\/animatsuri-reisiauhinna-reeglid\/","title":{"rendered":"AniMatsuri reisiauhinna reeglid"},"content":{"rendered":"\n<ol><li>Osaleja peab olema Eesti, L\u00e4ti v\u00f5i Leedu kodanik.<\/li><li>Osaleja peab olema v\u00e4hemalt 18-aastane AniMatsuri festivali toimumise ajaks (28. september 2019).<\/li><li>Kost\u00fc\u00fcmile kehtivad \u00fcldised AniMatsuri kost\u00fc\u00fcmin\u00f5uded, millega saab tutvuda <a href=\"http:\/\/animatsuri.eu\/2019\/festivali-kodukord\/\">SIIN<\/a>.<\/li><li>Kui etteaste puhul on tegu cosplay grupiga (kaks v\u00f5i rohkem isikut), siis on registreerimislehel v\u00f5imalus eraldi \u00e4ra m\u00e4rkida, kes grupist soovivad osaleda AniMatsuri reisiauhinna kategoorias.<\/li><li>Osaleda ei saa AniMatsuri ja UniConi meeskond (korraldajad ja vabatahtlikud).<\/li><li>Auhinnareisi t\u00e4pne kuup\u00e4ev lepitakse kokku v\u00f5itjaga, kuid reis peab h\u00f5lmama <a href=\"http:\/\/holidaymatsuri.com\/\">Holiday Matsuri<\/a> kuup\u00e4evi (13.-15. detsember 2019). Ehk osaleja peab saama nimetatud kuup\u00e4evade paiku reisida.<\/li><li>Auhind sisaldab edasi-tagasi lennupiletit Tallinnast\/Riiast\/Vilniusest Orlandosse, majutust ja messipileteid.<\/li><li>Auhinnale on AniMatsuri (edaspidi Korraldaja) poolt m\u00e4\u00e4ratud kindlad rahalised piirangud (reisipaketi maksumus), millest Estravelil on kohustus kinni pidada.<\/li><li>Estravel v\u00f5tab p\u00e4rast v\u00f5itja v\u00e4ljakuulutamist v\u00f5itjaga ise \u00fchendust ning aitab igati reisi korraldamisel.<\/li><li>V\u00f5itja peab ette teatama reisikuup\u00e4evade valikust hiljemalt 10. oktoober 2019. Kui v\u00f5itja ei ole hiljemalt nimetatud kuup\u00e4evaks sobivaid reisikuup\u00e4evi v\u00e4lja valinud, t\u00fchistub auhinna v\u00f5itjal v\u00f5idu kasutamis\u00f5igus.<\/li><li>Kehtiva passi v\u00f5i ID-kaardi hankimise kohustus lasub reisijal. Estravel ei vastuta v\u00f5idureisi \u00e4raj\u00e4\u00e4mise eest reisijast tulenevatel p\u00f5hjustel.<\/li><li>Reisijal peab olema garanteeritud piisavate rahaliste vahendite olemasolu reisi ajal.<\/li><li>Kampaania auhinda ei asendata v\u00f5itja n\u00f5udmisel teist liiki auhinnaga ja auhinna maksumust ei h\u00fcvitata v\u00f5itjale rahas, v\u00e4lja arvatud juhul, kui auhind asendatakse teise samav\u00e4\u00e4rse auhinnaga Korraldaja otsusel.<\/li><li>Kui auhinnareis hilineb v\u00f5i j\u00e4\u00e4b \u00e4ra Estravelist mitteolenevatel p\u00f5hjustel, ei korva Estravel reisikahjusid ega uute piletite vormistamisega seotud kulutusi.<\/li><li>Kui Estravelil ei \u00f5nnestu v\u00f5itjaga kontakti saada (v.a v\u00f5istluse Korraldaja s\u00fc\u00fc t\u00f5ttu), ei vastuta Estravel v\u00f5itja auhinna k\u00e4tteandmisest k\u00f5rvalej\u00e4\u00e4mise eest.<\/li><\/ol>\n\n\n\n<p><strong>Auhinnareisi teevad v\u00f5imalikuks:<\/strong><\/p>\n\n\n\n<figure class=\"wp-block-image\"><img decoding=\"async\" src=\"http:\/\/animatsuri.eu\/2017\/wp-content\/uploads\/animatsuri_logo_lilla_2017-ss-300x97.png\" alt=\"\" class=\"wp-image-196\"\/><\/figure>\n\n\n\n<figure class=\"wp-block-image\"><img decoding=\"async\" src=\"http:\/\/animatsuri.eu\/2017\/wp-content\/uploads\/unicon_logo-300x300.png\" alt=\"\" class=\"wp-image-78\"\/><\/figure>\n\n\n\n<figure class=\"wp-block-image\"><img decoding=\"async\" src=\"http:\/\/animatsuri.eu\/2017\/wp-content\/uploads\/Estraveli-logo_horisontaalne-300x109.jpg\" alt=\"\" class=\"wp-image-94\"\/><\/figure>\n","protected":false},"excerpt":{"rendered":"<p>Osaleja peab olema Eesti, L\u00e4ti v\u00f5i Leedu kodanik. Osaleja peab olema v\u00e4hemalt 18-aastane AniMatsuri festivali toimumise ajaks (28. september 2019). Kost\u00fc\u00fcmile kehtivad \u00fcldised AniMatsuri kost\u00fc\u00fcmin\u00f5uded, millega saab tutvuda SIIN. Kui etteaste puhul on tegu cosplay grupiga (kaks v\u00f5i rohkem isikut), siis on registreerimislehel v\u00f5imalus eraldi \u00e4ra m\u00e4rkida, kes grupist soovivad [&hellip;]<\/p>\n","protected":false},"author":2,"featured_media":0,"parent":0,"menu_order":0,"comment_status":"closed","ping_status":"closed","template":"","meta":{"footnotes":""},"_links":{"self":[{"href":"https:\/\/animatsuri.baka.ee\/2019\/wp-json\/wp\/v2\/pages\/550"}],"collection":[{"href":"https:\/\/animatsuri.baka.ee\/2019\/wp-json\/wp\/v2\/pages"}],"about":[{"href":"https:\/\/animatsuri.baka.ee\/2019\/wp-json\/wp\/v2\/types\/page"}],"author":[{"embeddable":true,"href":"https:\/\/animatsuri.baka.ee\/2019\/wp-json\/wp\/v2\/users\/2"}],"replies":[{"embeddable":true,"href":"https:\/\/animatsuri.baka.ee\/2019\/wp-json\/wp\/v2\/comments?post=550"}],"version-history":[{"count":4,"href":"https:\/\/animatsuri.baka.ee\/2019\/wp-json\/wp\/v2\/pages\/550\/revisions"}],"predecessor-version":[{"id":947,"href":"https:\/\/animatsuri.baka.ee\/2019\/wp-json\/wp\/v2\/pages\/550\/revisions\/947"}],"wp:attachment":[{"href":"https:\/\/animatsuri.baka.ee\/2019\/wp-json\/wp\/v2\/media?parent=550"}],"curies":[{"name":"wp","href":"https:\/\/api.w.org\/{rel}","templated":true}]}}