{"id":484,"date":"2019-05-04T18:02:04","date_gmt":"2019-05-04T15:02:04","guid":{"rendered":"http:\/\/animatsuri.eu\/2019\/?page_id=484"},"modified":"2019-09-07T22:06:09","modified_gmt":"2019-09-07T19:06:09","slug":"cosplay-voistlus","status":"publish","type":"page","link":"https:\/\/animatsuri.baka.ee\/2019\/cosplay-voistlus\/","title":{"rendered":"Cosplay v\u00f5istlus"},"content":{"rendered":"\n<h2 class=\"wp-block-heading\" id=\"mce_0\"><a href=\"#registration\">REGISTREERIMINE<\/a> | <a href=\"#rules\">REEGLID<\/a> | <a href=\"#categories\">KATEGOORIAD<\/a> | <a href=\"#yourdata\">ISIKUANDMETE KASUTUS<\/a> | <a href=\"http:\/\/animatsuri.eu\/2019\/cosplay-zurii\/\">\u017d\u00dcRII<\/a> <\/h2>\n\n\n\n<p><\/p>\n\n\n\n<p>Cosplay v\u00f5istlus toimub p\u00fchap\u00e4eval, <strong>29. septembril<\/strong>. Kellaaeg t\u00e4psustamisel!<\/p>\n\n\n\n<h2 class=\"wp-block-heading\" id=\"registration\"><strong>REGISTREERIMINE<\/strong><\/h2>\n\n\n\n<p>Nagu igal aastal, toimub ka selle aasta AniMatsuri raames cosplay v\u00f5istlus! Registreerimiseks t\u00e4ida ankeet <a href=\"https:\/\/bit.ly\/2KxAfqG\">SIIN <\/a> hiljemalt <strong>07. septembril 2019 (23.59 (GMT+3))<\/strong>.<\/p>\n\n\n\n<p><strong>M\u00e4rkus: k\u00e4esoleval aastal on t\u00e4htaeg j\u00e4lle tavap\u00e4rasest varasem! Palun v\u00f5tke t\u00e4htaega t\u00f5siselt!<\/strong><\/p>\n\n\n\n<p>Lisaks avaldusele on oluline lisada oma taustamuusika MP3 failina ning esitlusest palume saata video:<\/p>\n\n\n\n<ul><li>Taustaheli (muusika ja\/v\u00f5i dialoog) palume eelnevalt l\u00f5igata teile sobivasse vormi ja pikkusesse, salvestada \u00fche MP3 failina ja lisada Google Drive\u2019i meediakausta (vt. avaldust). Laval ei ole v\u00f5imalik kasutada mikrofone. <\/li><li>Video palume laadida \u00fcles kas Youtube\u2019i (privaatse videona) v\u00f5i m\u00f5nda pilveteenusesse (Dropbox, Google Drive jne). Kui avalduse esitamise ajaks ei ole etteastest videot olemas, siis palume edastada lingi videole hiljemalt 12. septembriks 2019 (23.59 GMT+3) aadressile cosplay@animatsuri.eu. E-maili pealkirjaks palume panna \u201cAniMatsuri 2019 cosplay v\u00f5istluse video\u201d ning meili panna oma nimi, lavanimi ja etteaste nimi. Video kvaliteet ei ole oluline, kuid teie etteaste peab olema selgelt n\u00e4htav. Tegu ei pea olema etteaste l\u00f5ppversiooniga, v\u00e4lja arvatud juhul, kui etteastega toimuvad suuremad muutused (sellisel juhul on vaja teavitada cosplay meeskonda hiljemalt 24. september kell 23.59 (GMT+3)).<\/li><\/ul>\n\n\n\n<p><strong>Me armastame varaseid registreerijaid!<\/strong> Nii j\u00e4\u00e4b sul aega idee ja kost\u00fc\u00fcmi veel paremaks tegemiseks. Kui registreerid enne t\u00e4htaega ja sul on selleks hetkeks n\u00e4idata vaid osa kost\u00fc\u00fcmist ning palju entusiasmi, siis on see v\u00e4ga hea! Kogenud cosplayerid festivali korraldajate ja v\u00f5itjate hulgast annavad sulle hea meelega n\u00f5u. T\u00e4htis on ainult see, et registreerimise t\u00e4htajaks oleks k\u00f5ik enam-v\u00e4hem valmiskujul olemas. Eks k\u00f5ik v\u00f5istlejad lihvivad oma etendust viimase hetkeni.<\/p>\n\n\n\n<p>Igal aastal on festivalil v\u00e4ga palju k\u00fclalisi, kes ei julge v\u00f5istlusest osa v\u00f5tta, samas k\u00e4ivad ringi v\u00e4ga heades cosplay kost\u00fc\u00fcmides. Ole julge ja registreeri ennast \u2013 sa oled tegelikult v\u00e4ga tubli ja su kost\u00fc\u00fcm on vinge!<\/p>\n\n\n\n<p>\u2013<\/p>\n\n\n\n<p>Igal esinejal ja grupil olenemata grupi suurusest on lubatud lava taha kaasa v\u00f5tta 1 abiline. Vajadusel saab abi k\u00fcsida ka cosplay meeskonnalt.Korraldajatena <strong>j\u00e4tame me endale \u00f5iguse esinemiste arvu piirata<\/strong>. Ootame kokku 50 etteastet. Kui saadetud avaldusi on k\u00f5vasti rohkem kui 50, j\u00e4tame endale \u00f5iguse otsustada, kasutades infot teie avalduses (eriti t\u00f6\u00f6protsessi pilte ja videot), kes lavale p\u00e4\u00e4seb. Kuna AniMatsuri tunneb endiselt uhkust selle \u00fcle, et laseb iga kogemustasemega cosplayeril osaleda, rakendame eelmainitud varianti vaid viimases h\u00e4das!<\/p>\n\n\n\n<hr class=\"wp-block-separator\"\/>\n\n\n\n<hr class=\"wp-block-separator\"\/>\n\n\n\n<p><\/p>\n\n\n\n<h2 class=\"wp-block-heading\" id=\"rules\"><strong>REEGLID<\/strong><\/h2>\n\n\n\n<p><strong>V\u00f5id teha cosplay \u00fcksk\u00f5ik millisest ametlikust avaldatud meelelahutusallikast.<\/strong> Tegemist v\u00f5ib olla anime v\u00f5i mangaga, aga ei pea olema! Videom\u00e4ngud? Marvel\/DC\/muud koomiksid? Disney tegelased? Ulme- ja fantaasiafilmid v\u00f5i telesarjad? Tunnustatud veebikoomiksid v\u00f5i kunstiraamatud nagu Sakizou? Sobib! Ainus piirang: tegemist peab olema ametliku ja laiemalt tuntud allikaga \u2013 <strong><em>fan fiction<\/em><\/strong><strong> ja originaaltegelased ei sobi<\/strong>.<\/p>\n\n\n\n<p>Kui sa pole kindel, kas sinu tegelane on piisavalt ametlik, v\u00f5i sul on k\u00fcsimusi kost\u00fc\u00fcmireeglite kohta, v\u00f5ta meiega \u00fchendust aadressil cosplay@animatsuri.eu.<\/p>\n\n\n\n<h4 class=\"wp-block-heading\"><strong>Riietus<\/strong><\/h4>\n\n\n\n<ol><li>K\u00f5ik festivalil esinejad peavad arvestama riietumisstiiliga, mis sobib avalikus kohas kandmiseks.<\/li><li>Riietumisstiili puhul peab meeles pidama, et k\u00fclastajate hulgas on ka alaealisi, seega ei tohi kantav riietus olla liialt paljastav. Riietus peab katma v\u00e4hemalt kubeme-, tuhara- ja rinnapiirkonna.<\/li><li>Meestel on minimaalseks lubatud kost\u00fc\u00fcmiks k\u00e4isteta s\u00e4rk ja l\u00fchikesed p\u00fcksid. Naistel \u00fclemine bikiiniosa ja l\u00fchikesed p\u00fcksid\/seelik. L\u00fchikeste seelikute all on kohustuslik kanda l\u00fchikesi p\u00fckse. <\/li><li>Visuaalne juhend:<\/li><\/ol>\n\n\n\n<figure class=\"wp-block-image\"><img decoding=\"async\" src=\"https:\/\/lh5.googleusercontent.com\/KXWk3NM_d3LvuMqrF_sXBP4UW5JYy1SK9O6PrfyOsuUdMvfmLspyrU_wekuRqs9E12el8RcPqaA5Scx9_WZOWyItim6jZAwSuI_PCJy-jdwlqT2vYzfXy3r1OB7SWC-uZ2jGWtly\" alt=\"\"\/><\/figure>\n\n\n\n<p>Kui peaks juhtuma, et v\u00f5istluse jaoks planeeritud kost\u00fc\u00fcm on paljastavam kui festivali reeglitega lubatud, siis palume lavalise esituse ajaks leida v\u00f5imalus vastav ala katta. \u017d\u00fcrii saab olema sellest teadlik ning arvestab sellega kost\u00fc\u00fcmi t\u00e4psuse hindamisel. Keeldumise korral on korraldajatel \u00f5igus keelduda v\u00f5istlejat lavale laskmast.<\/p>\n\n\n\n<h4 class=\"wp-block-heading\"><strong>Etteaste<\/strong><\/h4>\n\n\n\n<ol><li>Laval on keelatud kasutada nilbusi, roppusi, v\u00e4givalda \u00f5hutavaid \u017eeste ja pornograafiat. Kultuuriliste tavade ning \u00fchiskondlike k\u00f5lblusnormide vastu eksivad esitused esinemisnimekirja ei p\u00e4\u00e4se. Palume j\u00e4lgida \u00fchiskonna poolt aktsepteeritud eetilisi norme ja esteetikat.<\/li><li>Kui p\u00e4rast video esitamist tuleb kavas ette olulisi\/suuri muutusi, tuleb sellest cosplay meeskonnale teada anda hiljemalt <strong>24. september kell 23.59 (GMT+3)<\/strong>. Video on vajalik selleks, et n\u00e4eksime esituse sisu, videos ei pea kandma valmis cosplayd.<\/li><\/ol>\n\n\n\n<h4 class=\"wp-block-heading\"><strong>Laval<\/strong><\/h4>\n\n\n\n<ol><li>Laval on keelatud kasutada s\u00e4delust, vedelikke ja muid raskesti eemaldatavaid aineid (mille koristamiseks kulub rohkem kui 1 minut ja ei piisa harjaga p\u00fchkimisest). Kui on soov midagi publikusse visata, peab ettevaatlik olema. Keelatud on p\u00fcrotehnika ning kergesti purunevad esemed.<\/li><li>Laval kasutatavad propsid\/rekvisiidid peavad olema ohutud ja nendega ei tohi olla v\u00f5imalik tekitada kehavigastusi (n\u00fcri tera ja plastikm\u00e4rgistus relvadel*). Lisaks on korraldajatel \u00f5igus konfiskeerida k\u00f5iki nuge, noalaadseid esemeid ja muid l\u00f5ikevahendeid, millega on v\u00f5imalik tekitada kehavigastusi.<\/li><\/ol>\n\n\n\n<p>*Relvaks loetakse k\u00f5iki esemeid, mille k\u00e4itlemist reguleerib Eesti Vabariigi Relvaseadus (tulirelvad, gaasirelvad, pneumorelvad, heitrelvad, k\u00fclmrelvad ja elektri\u0161okirelvad).<\/p>\n\n\n\n<hr class=\"wp-block-separator\"\/>\n\n\n\n<hr class=\"wp-block-separator\"\/>\n\n\n\n<h3 class=\"wp-block-heading\"><\/h3>\n\n\n\n<p><\/p>\n\n\n\n<h2 class=\"wp-block-heading\" id=\"categories\"><strong>KATEGOORIAD<\/strong><\/h2>\n\n\n\n<table class=\"wp-block-table is-style-regular\" id=\"cos_est\"><thead><tr><th><strong>Kategooria nimi<\/strong><\/th><th><strong>Mida hindame<\/strong><\/th><th><strong>Maksimaalne osalejate arv<\/strong><\/th><th><strong>Maksimumpikkus<\/strong><\/th><th><strong>Avatud ka muude riikide kodanikele?<\/strong><\/th><th><strong>Avatud AniMatsuri vabatahtlikele ja meeskonnale?<\/strong><\/th><\/tr><\/thead><tbody><tr><td>Defile<\/td><td>Kost\u00fc\u00fcmi kvaliteet<\/td><td>1 &#8211; 2<\/td><td>50-70 sekundit<\/td><td>Jah<\/td><td>Jah<\/td><\/tr><tr><td>Lavaetendus<\/td><td>Koreograafia<br>Loomingulisus<\/td><td>1 &#8211; 6<\/td><td>5 minutit<\/td><td>Jah<\/td><td>Jah<\/td><\/tr><tr><td>EuroCosplay (EC)<\/td><td>Kost\u00fc\u00fcmi kvaliteet<\/td><td>1<\/td><td>60 sekundit<\/td><td>Ei<\/td><td>Ei<\/td><\/tr><tr><td>The Nordic Cosplay Championship (NCC)<\/td><td>Kost\u00fc\u00fcmi kvaliteet<br>Koreograafia<\/td><td>1<\/td><td>90 v\u00f5i 120 sekundit<\/td><td>Ei<\/td><td>Jah*<\/td><\/tr><tr><td>AniMatsuri reisiauhind (ARA)<\/td><td>V\u00e4ga hea \u00fcldmulje<\/td><td>1<\/td><td>\u00dcksk\u00f5ik mis kategoorias esinesid<\/td><td>Jah*<\/td><td>Ei<\/td><\/tr><tr><td>Publiku lemmik<\/td><td>Fanservice! <em>(Hoida festivali kodukorrale vastav)<\/em><\/td><td>1 &#8211; 6<\/td><td>\u00dcksk\u00f5ik mis kategoorias esinesid<\/td><td>Jah<\/td><td>Jah<\/td><\/tr><\/tbody><\/table>\n\n\n\n<p>* T\u00e4psustav info allpool<\/p>\n\n\n\n<p><strong>M\u00e4rkus:<\/strong> \u00fcldiselt tahame autasustada nii paljusid kui v\u00e4hegi v\u00f5imalik. See t\u00e4hendab, et sa ei saa v\u00f5ita kahte kategooriat. (Aga v\u00f5id v\u00f5ita \u00fche kategooria ja saada teises 3. koha!) N\u00e4iteks ei saa sa v\u00f5ita nii EuroCosplayd kui ka defiled, isegi kui registreerisid m\u00f5lemasse. (Aga kui sa ei v\u00f5itnud EuroCosplayd, saad siiski v\u00f5ita defile \u2013 just see juhtus aastal 2016!) <\/p>\n\n\n\n<p>Meie rahvusvaheline \u017e\u00fcrii hindab k\u00f5iki kategooriaid peale publiku lemmiku. Kohtunikel on samuti v\u00f5imalus anda eriauhindu oma \u00e4ran\u00e4gemise j\u00e4rgi.<\/p>\n\n\n\n<hr class=\"wp-block-separator\"\/>\n\n\n\n<h3 class=\"wp-block-heading\"><strong>KATEGOORIATEST L\u00c4HEMALT<\/strong><\/h3>\n\n\n\n<p>1. <strong>Defile:<\/strong> Hinnatakse eelk\u00f5ige kost\u00fc\u00fcmi ja osaleja oskust seda laval umbes \u00fche minuti jooksul v\u00f5imalikult h\u00e4sti esitleda. Etteaste pikkus peab j\u00e4\u00e4ma 50-70 sekundi vahele. V\u00f5ib esineda nii \u00fcksinda kui ka kahekesi.<\/p>\n\n\n\n<p>2. <strong>Lavaetendus:<\/strong> Hinnatakse eelk\u00f5ige koreograafiat ja\/v\u00f5i laval esitatud lugu, kuid kost\u00fc\u00fcmi ei tasu unustada; siin on v\u00f5istlejatel v\u00f5imalus oma kujutlusv\u00f5imet ja loomingulisust kasutada, et luua lemmikallika p\u00f5hjal oma l\u00fchietendus v\u00f5i tants. Esineda v\u00f5ib kas \u00fcksinda v\u00f5i mitmekesi ning kogu etteaste peab j\u00e4\u00e4ma 5 minuti piiridesse.  <\/p>\n\n\n\n<p>3. <strong>EuroCosplay (EC):<\/strong> Hinnatakse kost\u00fc\u00fcmi kvaliteeti. V\u00f5itja s\u00f5idab oktoobri l\u00f5pus Londoni Comic Conile \u00fcle-euroopalisel cosplay meistriv\u00f5istlusel AniMatsuri festivali ja Eestit esindama! Kulud katab Comic Coni korraldaja MCM Expo Group.<\/p>\n\n\n\n<ul><li>EuroCosplay v\u00f5istleja kost\u00fc\u00fcm peab olema enda valmistatud (mitte valmiskujul poest ostetud, kehtib ka \u00fcksikelementide puhul) ja p\u00f5hinema ametlikul allikal ehk <em>original content<\/em> (OC-d) ja mis tahes <em>fan art<\/em> ei ole lubatud (EuroCosplay suurv\u00f5istluse reegel!).<\/li><li>V\u00f5istleja peab esinema \u00fcksinda (lubatud on max. \u00fcks tehniline abiline).<\/li><li>V\u00f5istleja peab olema Eesti kodanik v\u00f5i p\u00fcsielanik (ehk omama Eesti isikutunnistust ja isikukoodi), peab olema t\u00e4isealine AniMatsuri toimumise ajaks (28. september 2019) ja peab olema v\u00f5imeline ja valmis oktoobris Londonisse s\u00f5itma.<\/li><li>EuroCosplay kategooria v\u00f5itjat valib rahvusvaheline \u017e\u00fcrii \u2013 esindatud on cosplay maailma paremik!<\/li><li>Detailsem \u00fclevaade k\u00f5ikidest reeglitest, mida j\u00e4lgida leiad <a href=\"http:\/\/animatsuri.eu\/2019\/wp-content\/uploads\/2019\/05\/EC2019_rules.pdf\">SIIT<\/a> (inglise keeles).<\/li><\/ul>\n\n\n\n<p>4. <strong>The Nordic Cosplay Championship (NCC):<\/strong> Hinnatakse kost\u00fc\u00fcmi kvaliteeti ja lavalist etteastet. V\u00f5itja s\u00f5idab Rootsi <a href=\"https:\/\/en.narcon.se\/\">N\u00e4rCon<\/a> 2020 raames toimuvale <a href=\"https:\/\/ncc.narcon.se\/\">Nordic Cosplay Championship<\/a>ile Eestit esindama!<\/p>\n\n\n\n<ul><li>Kost\u00fc\u00fcm ja selle lisad peavad olema enda valmistatud (mitte valmiskujul poest ostetud), erandiks parukad, jalan\u00f5ud ja sukad, aluspesu, elektroonika (v\u00f5ib olla valmiskomplekt, ise programmeerima ja kokku panema ei pea). V\u00f5istleja peab olema v\u00f5imeline andma \u00fclevaate, kuidas ta oma kost\u00fc\u00fcmi eri osad valmistas.<\/li><li>Kost\u00fc\u00fcm peab p\u00f5hinema ametlikul allikal (<em>original content<\/em> ehk OC-d ja <em>fan-art<\/em>i p\u00f5hjal tehtud kost\u00fc\u00fcmid ei ole lubatud)<\/li><li>Hinnatakse nii kost\u00fc\u00fcmi kui ka lavalist esitlust.<\/li><li>Kost\u00fc\u00fcm v\u00f5ib olla osalenud varasemalt m\u00f5nel teisel v\u00f5istlusel (v.a. varajasem NCC).<\/li><li>V\u00f5istleja peab olema Eesti kodanik v\u00f5i p\u00fcsielanik (ehk omama Eesti isikutunnistust ja isikukoodi), peab olema t\u00e4isealine AniMatsuri toimumise ajaks (28. september 2019) ning peab olema v\u00f5imeline ja valmis kuup\u00e4ev Rootsi N\u00e4rConile s\u00f5itma (kokku 5 p\u00e4eva).<\/li><li>V\u00f5istleja v\u00f5ib olla AniMatsuri meeskonna liige, kuid ei tohi olla seotud cosplay v\u00f5istluse korraldamisega (ei korraldaja ega vabatahtlik).<\/li><\/ul>\n\n\n\n<p>5. <strong>AniMatsuri reisiauhind (ARA):<\/strong> tegemist on pigem eriauhinna kui erikategooriaga. Kohtunikud valivad v\u00e4lja \u00fche cosplayeri, kes paistab teiste seast silma \u2013 iga etteaste seast \u2013 ja kes saab auhinnaks \u00e4geda reisi v\u00e4lismaa festivalile. Sel aastal s\u00f5idab v\u00f5itja <a href=\"http:\/\/holidaymatsuri.com\/\">Holiday Matsurile<\/a> Orlandosse Floridas, USAs.<strong> <\/strong>Auhinna on v\u00e4lja pannud AniMatsuri koos UniConiga. Reisi aitab korraldada Estravel.<\/p>\n\n\n\n<ul><li>Osaleja peab olema Eesti, L\u00e4ti v\u00f5i Leedu kodanik.<\/li><li>Osaleja peab olema v\u00e4hemalt 18-aastane AniMatsuri toimumise ajaks (28. september 2019).<\/li><li>Kost\u00fc\u00fcmile kehtivad \u00fcldised AniMatsuri kost\u00fc\u00fcmin\u00f5uded, millega saab tutvuda <a href=\"http:\/\/animatsuri.eu\/2017\/festivali-kodukord\/\">SIIN<\/a>.<\/li><li>Auhinnareisi t\u00e4pne kuup\u00e4ev lepitakse kokku v\u00f5itjaga, kuid reis peab h\u00f5lmama Holiday Matsuri kuup\u00e4evi (13.-15. detsember 2019), ehk osaleja peab saama nimetatud kuup\u00e4evade paiku reisida.<\/li><li>Auhind sisaldab edasi-tagasi lennupiletit, majutust ja festivali piletit.<\/li><li>Auhinnareisi organiseerimine toimub koost\u00f6\u00f6s Estravel reisib\u00fcrooga auhinna v\u00f5itja ja reisib\u00fcroo vahel.<\/li><li>Kui cosplay etteaste puhul on tegu cosplay grupiga (kaks v\u00f5i rohkem isikut), siis on registreerimislehel v\u00f5imalus eraldi \u00e4ra m\u00e4rkida, kes grupist soovivad osaleda AniMatsuri peaauhinna kategoorias.<\/li><li>Kindlasti tutvuge k\u00f5ikide reeglitega <a href=\"http:\/\/animatsuri.eu\/2018\/animatsuri-grand-prix-reeglid\/\">SIIN<\/a>.<\/li><li>Osaleja ei tohi olla AniMatsuri ega UniConi meeskonna liige.<\/li><\/ul>\n\n\n\n<p>6. Lisaks selgitatakse v\u00e4lja <strong>publiku lemmik<\/strong>, kelle valivad salajase h\u00e4\u00e4letuse kaudu v\u00e4lja festivali k\u00fclastajad. Publiku lemmiku h\u00e4\u00e4letus pole jagatud kategooriate kaupa. M\u00e4rkus: alates 2017. aastast ei kehti \u00fche v\u00f5idu reegel publiku lemmiku tiitlile! See, kes saab k\u00f5ige rohkem h\u00e4\u00e4li, v\u00f5idab isegi siis, kui nad on juba midagi muud v\u00f5itnud. Erandiks on olukord, kui h\u00e4\u00e4led jagunevad v\u00f5rdselt ja siis langetavad korraldajad otsuse vastavalt viigis olevate v\u00f5istlejate teistele tulemustele.<\/p>\n\n\n\n<p>Mitmes kategoorias v\u00f5istlemine on lubatud, aga suurema t\u00e4htsusega kategooria (EC, NCC, ARA) v\u00f5itja ei saa v\u00f5ita \u00fcheski teises kategoorias.<\/p>\n\n\n\n<hr class=\"wp-block-separator\"\/>\n\n\n\n<hr class=\"wp-block-separator\"\/>\n\n\n\n<h3 class=\"wp-block-heading\"><\/h3>\n\n\n\n<p><\/p>\n\n\n\n<h2 class=\"wp-block-heading\" id=\"yourdata\"><strong>ISIKUANDMETE KASUTUS<\/strong><\/h2>\n\n\n\n<p>Teie isikuandmeteks loeme: nime, meiliaadressi, telefoni numbrit, kodakondsust\/elukohta ja vanust. Lisaks kuuluvad isikuandmete alla ka foto- ja videomaterjal teist.<\/p>\n\n\n\n<h4 class=\"wp-block-heading\"><strong>Registreerimisel antavad andmed<\/strong><\/h4>\n\n\n\n<ul><li>Andmetele on ligip\u00e4\u00e4s AniMatsuri peakorraldajatel ning cosplay v\u00f5istluse korraldajatel (edaspidi Korraldajad).<\/li><li>Kategooriad, mille puhul kolmandatele osapooltele infot ei edastata: defile, lavaetendus, publiku lemmik ning \u017e\u00fcrii auhinnad.<\/li><li>Kategooriad, mille puhul jagatakse kolmandatele osapooltele infot: EuroCosplay (edaspidi EC), Nordic Cosplay Competition (edaspidi NCC) ja AniMatsuri reisiauhind.<ul><li>EC ja NCC puhul korraldab reisi AniMatsuri meeskond, kuid v\u00f5itjate nimi ja kontaktinfo edastatakse ka EC ja NCC korraldajatele.<\/li><li>AniMatsuri reisiauhinna v\u00f5itja puhul korraldab reisi Estraveli reisib\u00fcroo ning neile edastatakse v\u00f5itja nimi, kontaktinfo ja kodakondsus\/elukoht.<\/li><\/ul><\/li><li>Registreerimisvormidel antavaid isikuandmeid (lisaks ka lavanimi) s\u00e4ilitame t\u00e4htajatult. Osalejatel on \u00f5igus paluda oma kontaktinfo kustutamist.<\/li><li>Teie isikuandmeid kasutame me ainult selle aasta cosplay v\u00f5istlusega seoses, kuid selle aja jooksul, mil meil teie andmed on, v\u00f5idakse neid kasutada teie kontakteerumiseks seoses m\u00f5ne teise \u00fcrituse v\u00f5i reklaamiga. Kontakteerujaks on ainult eelpool mainitud Korraldajad ning seda infot ei jagata ilma osaleja loata kolmandatele isikutele.<\/li><\/ul>\n\n\n\n<p><\/p>\n\n\n\n<h4 class=\"wp-block-heading\"><strong>Festivali ajal ja j\u00e4rel<\/strong><\/h4>\n\n\n\n<ul><li>Nii festivali alal ringi k\u00e4ies kui ka laval esinedes v\u00f5ivad esinejad j\u00e4\u00e4da AniMatsuriga seotud fotodele ja videotesse. Nii eraisikute, firmade kui ka korraldajate poolt.<\/li><li>AniMatsuri ametlikud fotod ja videod laetakse \u00fcles festivaliga seotud sotsiaalmeediasse (Facebook, Instagram, Twitter), Youtube\u2019i ja pildipanka (Flickr).<\/li><li>Ametlikke fotosid kasutatakse AniMatsuri kodulehel ja sotsiaalmeedias festivali tegevuste tutvustamiseks.<\/li><li>Ametlikke fotosid ja videoid v\u00f5idakse tulevikus kasutada festivali reklaamimiseks (sotsiaalmeedias, ajakirjanduses, televisioonis jne).<ul><li>Avalduses on v\u00f5imalus \u00f6elda, kui te ei soovi, et teist tehtud fotot v\u00f5i videot kasutatakse reklaamimiseks. Siinkohal palume silmas pidada, et see kehtib ainult juhul, kui pilt on teist v\u00f5i teist koos teie s\u00f5pradega. Kui on pildistatud \u00fcldist festivali rahvahulka, siis see ei kehti. Kui te selle v\u00e4lja t\u00fchjaks j\u00e4tate, siis me v\u00f5tame seda kui n\u00f5usolekut teist tehtud foto\/video kasutamiseks reklaamis.<\/li><\/ul><\/li><\/ul>\n\n\n\n<p><br><\/p>\n\n\n\n<p><br><\/p>\n\n\n\n<p><br><\/p>\n","protected":false},"excerpt":{"rendered":"<p>REGISTREERIMINE | REEGLID | KATEGOORIAD | ISIKUANDMETE KASUTUS | \u017d\u00dcRII Cosplay v\u00f5istlus toimub p\u00fchap\u00e4eval, 29. septembril. Kellaaeg t\u00e4psustamisel! REGISTREERIMINE Nagu igal aastal, toimub ka selle aasta AniMatsuri raames cosplay v\u00f5istlus! Registreerimiseks t\u00e4ida ankeet SIIN hiljemalt 07. septembril 2019 (23.59 (GMT+3)). M\u00e4rkus: k\u00e4esoleval aastal on t\u00e4htaeg j\u00e4lle tavap\u00e4rasest varasem! Palun v\u00f5tke [&hellip;]<\/p>\n","protected":false},"author":2,"featured_media":485,"parent":0,"menu_order":0,"comment_status":"closed","ping_status":"closed","template":"page-templates\/full-width.php","meta":{"footnotes":""},"_links":{"self":[{"href":"https:\/\/animatsuri.baka.ee\/2019\/wp-json\/wp\/v2\/pages\/484"}],"collection":[{"href":"https:\/\/animatsuri.baka.ee\/2019\/wp-json\/wp\/v2\/pages"}],"about":[{"href":"https:\/\/animatsuri.baka.ee\/2019\/wp-json\/wp\/v2\/types\/page"}],"author":[{"embeddable":true,"href":"https:\/\/animatsuri.baka.ee\/2019\/wp-json\/wp\/v2\/users\/2"}],"replies":[{"embeddable":true,"href":"https:\/\/animatsuri.baka.ee\/2019\/wp-json\/wp\/v2\/comments?post=484"}],"version-history":[{"count":43,"href":"https:\/\/animatsuri.baka.ee\/2019\/wp-json\/wp\/v2\/pages\/484\/revisions"}],"predecessor-version":[{"id":1113,"href":"https:\/\/animatsuri.baka.ee\/2019\/wp-json\/wp\/v2\/pages\/484\/revisions\/1113"}],"wp:featuredmedia":[{"embeddable":true,"href":"https:\/\/animatsuri.baka.ee\/2019\/wp-json\/wp\/v2\/media\/485"}],"wp:attachment":[{"href":"https:\/\/animatsuri.baka.ee\/2019\/wp-json\/wp\/v2\/media?parent=484"}],"curies":[{"name":"wp","href":"https:\/\/api.w.org\/{rel}","templated":true}]}}