{"id":1500,"date":"2019-09-28T22:16:56","date_gmt":"2019-09-28T19:16:56","guid":{"rendered":"http:\/\/animatsuri.eu\/2019\/?page_id=1500"},"modified":"2019-09-28T22:16:57","modified_gmt":"2019-09-28T19:16:57","slug":"karaoke","status":"publish","type":"page","link":"https:\/\/animatsuri.baka.ee\/2019\/karaoke\/","title":{"rendered":"Karaoke"},"content":{"rendered":"\n<p>\u00dckski anime\u00fcritus poleks t\u00e4iuslik, kui seal ei oleks karaoket.<br>\nNii j\u00e4tkab ka AniMatsuri kenasti karaokelainel. Nagu tavaks, toimub karaoke laulmine kogu festivali v\u00e4ltel. Karaokel on t\u00e4iesti oma ruum. Kui julgus tuleb, lihtsalt mine ja laula!<\/p>\n\n\n\n<p>Nimekirja sellest, millised lood meil valikus on, saate n\u00e4ha <a href=\"http:\/\/valdars.eu\/SMMSongListSimple.htm\" target=\"_blank\" rel=\"noreferrer noopener\" aria-label=\"SIIN (opens in a new tab)\">SIIN<\/a>. Nimekiri t\u00e4ieneb pidevalt!<\/p>\n\n\n\n<p>Kui teil on huvi mingi kindla loo vastu, siis saatke meile loo esitaja ja pealkiri aadressile karaoke@animatsuri.eu. Me ei saa kinnitada, et lugu kindlalt nimekirja saab, aga anname endast parima!<\/p>\n\n\n\n<p>Head laulmist!<\/p>\n","protected":false},"excerpt":{"rendered":"<p>\u00dckski anime\u00fcritus poleks t\u00e4iuslik, kui seal ei oleks karaoket. Nii j\u00e4tkab ka AniMatsuri kenasti karaokelainel. Nagu tavaks, toimub karaoke laulmine kogu festivali v\u00e4ltel. Karaokel on t\u00e4iesti oma ruum. Kui julgus tuleb, lihtsalt mine ja laula! Nimekirja sellest, millised lood meil valikus on, saate n\u00e4ha SIIN. Nimekiri t\u00e4ieneb pidevalt! Kui teil [&hellip;]<\/p>\n","protected":false},"author":1,"featured_media":1501,"parent":0,"menu_order":0,"comment_status":"closed","ping_status":"closed","template":"","meta":{"footnotes":""},"_links":{"self":[{"href":"https:\/\/animatsuri.baka.ee\/2019\/wp-json\/wp\/v2\/pages\/1500"}],"collection":[{"href":"https:\/\/animatsuri.baka.ee\/2019\/wp-json\/wp\/v2\/pages"}],"about":[{"href":"https:\/\/animatsuri.baka.ee\/2019\/wp-json\/wp\/v2\/types\/page"}],"author":[{"embeddable":true,"href":"https:\/\/animatsuri.baka.ee\/2019\/wp-json\/wp\/v2\/users\/1"}],"replies":[{"embeddable":true,"href":"https:\/\/animatsuri.baka.ee\/2019\/wp-json\/wp\/v2\/comments?post=1500"}],"version-history":[{"count":1,"href":"https:\/\/animatsuri.baka.ee\/2019\/wp-json\/wp\/v2\/pages\/1500\/revisions"}],"predecessor-version":[{"id":1502,"href":"https:\/\/animatsuri.baka.ee\/2019\/wp-json\/wp\/v2\/pages\/1500\/revisions\/1502"}],"wp:featuredmedia":[{"embeddable":true,"href":"https:\/\/animatsuri.baka.ee\/2019\/wp-json\/wp\/v2\/media\/1501"}],"wp:attachment":[{"href":"https:\/\/animatsuri.baka.ee\/2019\/wp-json\/wp\/v2\/media?parent=1500"}],"curies":[{"name":"wp","href":"https:\/\/api.w.org\/{rel}","templated":true}]}}