{"id":1326,"date":"2019-09-21T21:04:25","date_gmt":"2019-09-21T18:04:25","guid":{"rendered":"http:\/\/animatsuri.eu\/2019\/?page_id=1326"},"modified":"2019-09-23T19:37:02","modified_gmt":"2019-09-23T16:37:02","slug":"videomangud","status":"publish","type":"page","link":"https:\/\/animatsuri.baka.ee\/2019\/videomangud\/","title":{"rendered":"Videom\u00e4ngud"},"content":{"rendered":"\n<p>AniMatsuri 2019 ei toimu ainult teises kohas, vaid ka m\u00e4nguruumis puhuvad uued, t\u00e4psemalt vanad tuuled, sest sel aastal toob <a href=\"https:\/\/www.facebook.com\/pg\/lvlupmuseum\/about\/?ref=page_internal\">Videom\u00e4ngude muuseum LVLup!<\/a> AniMatsuri festivalile toat\u00e4ie retrokonsoole ja -m\u00e4nge! Proovida saad:<\/p>\n\n\n\n<ul><li>SNES (Super Mario World, Mortal Kombat II, F-zero)<\/li><li>MEGA DRIVE (Street Fighter, Sonic 2 ja 3, NBA Jam)<\/li><li>Nintendo 64 (Mario Kart 64, F-Zero 64, 007 GoldenEye, Super Smash Bros)<\/li><li>PlayStation (Crash Bandicoot 2 ja 3, Spyro the Dragon, Tekken 2)<\/li><li>PlayStation 2 (Tekken 4 ja 5, Soul Calibur 2)<\/li><\/ul>\n\n\n\n<p>Lisaks niisama m\u00e4nguv\u00f5imalusele toimub kaks turniiri:<\/p>\n\n\n\n<ul><li><strong>Super Smash Bros. Melee<\/strong> &#8211; registreerimine ja m\u00e4ngud laup\u00e4eval;<\/li><li><strong>Mario Kart 64<\/strong> &#8211; registreerimine ja m\u00e4ngud laup\u00e4eval.<\/li><\/ul>\n\n\n\n<p>M\u00f5lema v\u00f5istluse esikolmikule vinged auhinnad!<\/p>\n","protected":false},"excerpt":{"rendered":"<p>AniMatsuri 2019 ei toimu ainult teises kohas, vaid ka m\u00e4nguruumis puhuvad uued, t\u00e4psemalt vanad tuuled, sest sel aastal toob Videom\u00e4ngude muuseum LVLup! AniMatsuri festivalile toat\u00e4ie retrokonsoole ja -m\u00e4nge! Proovida saad: SNES (Super Mario World, Mortal Kombat II, F-zero) MEGA DRIVE (Street Fighter, Sonic 2 ja 3, NBA Jam) Nintendo 64 [&hellip;]<\/p>\n","protected":false},"author":1,"featured_media":1329,"parent":0,"menu_order":0,"comment_status":"closed","ping_status":"closed","template":"page-templates\/full-width.php","meta":{"footnotes":""},"_links":{"self":[{"href":"https:\/\/animatsuri.baka.ee\/2019\/wp-json\/wp\/v2\/pages\/1326"}],"collection":[{"href":"https:\/\/animatsuri.baka.ee\/2019\/wp-json\/wp\/v2\/pages"}],"about":[{"href":"https:\/\/animatsuri.baka.ee\/2019\/wp-json\/wp\/v2\/types\/page"}],"author":[{"embeddable":true,"href":"https:\/\/animatsuri.baka.ee\/2019\/wp-json\/wp\/v2\/users\/1"}],"replies":[{"embeddable":true,"href":"https:\/\/animatsuri.baka.ee\/2019\/wp-json\/wp\/v2\/comments?post=1326"}],"version-history":[{"count":4,"href":"https:\/\/animatsuri.baka.ee\/2019\/wp-json\/wp\/v2\/pages\/1326\/revisions"}],"predecessor-version":[{"id":1383,"href":"https:\/\/animatsuri.baka.ee\/2019\/wp-json\/wp\/v2\/pages\/1326\/revisions\/1383"}],"wp:featuredmedia":[{"embeddable":true,"href":"https:\/\/animatsuri.baka.ee\/2019\/wp-json\/wp\/v2\/media\/1329"}],"wp:attachment":[{"href":"https:\/\/animatsuri.baka.ee\/2019\/wp-json\/wp\/v2\/media?parent=1326"}],"curies":[{"name":"wp","href":"https:\/\/api.w.org\/{rel}","templated":true}]}}